1002212001
Convert -2203011120 (base 4) to base 2.
-10100011000101011000
What is -270ca (base 15) in base 8?
-364211
62064 (base 7) to base 8
35442
120111112120 (base 3) to base 6
10312323
What is 17151721 (base 8) in base 6?
221235253
Convert 65759 (base 11) to base 3.
11211212210
Convert -c616d (base 14) to base 3.
-220021100102
What is -67518a (base 11) in base 12?
-43a5ab
Convert -95328 (base 12) to base 5.
-22230403
e50c2 (base 15) to base 13
1c5494
-4526044 (base 8) to base 13
-33acc0
What is -283718 (base 10) in base 16?
-45446
What is 1257374 (base 9) in base 12?
292011
Convert 2201003 (base 6) to base 14.
2ba79
What is 108719 (base 10) in base 6?
2155155
-132144323 (base 5) to base 8
-2415677
What is 403495 (base 10) in base 16?
62827
What is 101345503 (base 6) in base 8?
6545617
Convert -3a6ac (base 15) to base 13.
-67242
What is -13303321202 (base 4) in base 7?
-23255432
What is 2210020220221 (base 3) in base 5?
334400042
-467754 (base 9) to base 11
-182370
Convert -260453 (base 7) to base 12.
-23b12
What is -23032000 (base 5) in base 11?
-130231
What is -44a8a6 (base 13) in base 12?
-6631b6
Convert -35967a8 (base 11) to base 6.
-342104310
-33030 (base 4) to base 11
-804
What is -26401 (base 14) in base 9?
-153044
What is 101322021223 (base 4) in base 6?
244342231
Convert -34103663 (base 7) to base 8.
-13224050
12210144431 (base 5) to base 7
234365233
1071144 (base 8) to base 16
47264
What is -120121101101111 (base 3) in base 4?
-133220323210
Convert -11384612 (base 10) to base 16.
-adb724
-17a29 (base 12) to base 5
-2044210
What is -35687b (base 14) in base 5?
-431324233
What is 8a285 (base 14) in base 16?
51dad
What is -12400021 (base 6) in base 11?
-256895
-16454325 (base 7) to base 13
-444bb2
Convert -2524 (base 7) to base 12.
-671
2020221210110 (base 3) to base 2
100100100111010101000
Convert 1801152 (base 10) to base 3.
10101111201100
Convert 276142 (base 12) to base 15.
cd8d8
What is 5615164 (base 7) in base 15?
da64d
17315536 (base 8) to base 7
46214023
Convert -482a3 (base 16) to base 4.
-1020022203
Convert 1614627 (base 10) to base 7.
16503240
What is 22130201 (base 4) in base 3?
2011200122
Convert -35123533 (base 6) to base 3.
-2001002101110
What is -842a9 (base 13) in base 9?
-402120
What is 1103211 (base 8) in base 14?
7a129
Convert c53159 (base 14) to base 4.
121120220023
Convert -caa747 (base 15) to base 10.
-9654142
Convert 4254454 (base 6) to base 8.
631442
23041401 (base 6) to base 9
1284541
What is -251011231 (base 6) in base 15?
-64e531
Convert 100521122 (base 7) to base 13.
129c743
What is 889a01 (base 12) in base 5?
1024023122
Convert -81884 (base 9) to base 12.
-27271
-a33d4 (base 14) to base 4
-1133333032
Convert -1406588 (base 11) to base 16.
-24fe84
What is b78fc (base 16) in base 15?
ecb98
-141404063 (base 7) to base 2
-100011010001001001010011
-3046311 (base 7) to base 2
-1011001000011011100
What is -100000111000110111 (base 2) in base 14?
-37143
What is -1b030 (base 15) in base 7?
-513651
What is -250501122 (base 6) in base 9?
-10022625
Convert -34354 (base 6) to base 13.
-22c6
What is -100001010100110111000101 (base 2) in base 12?
-2b13805
Convert -4ca01 (base 16) to base 2.
-1001100101000000001
1100300301 (base 4) to base 13
b7753
Convert 2501133 (base 8) to base 15.
d9106
What is 2b0dd (base 16) in base 6?
3440233
10b061 (base 13) to base 7
3235114
Convert -56430101 (base 7) to base 13.
-10265a2
What is -331032204 (base 5) in base 7?
-15050522
Convert -50660360 (base 7) to base 16.
-4097c0
What is -1d015 (base 16) in base 8?
-350025
-10751a (base 11) to base 3
-22200120010
-759261 (base 10) to base 11
-479498
47434b (base 16) to base 11
26aa942
What is -3207ea (base 15) in base 11?
-1387010
18513ab (base 12) to base 10
5082611
Convert -1473622 (base 8) to base 13.
-11abb0
What is 11a893 (base 13) in base 9?
714578
Convert -53466333 (base 8) to base 2.
-101011100110110011011011
What is -101100012001 (base 3) in base 13?
-7183c
1326f (base 16) to base 14
20835
What is 120103030321 (base 4) in base 8?
30231471
-1010011010000001111 (base 2) to base 8
-1232017
Convert 162200 (base 10) to base 2.
100111100110011000
Convert -380c01 (base 16) to base 7.
-43135500
Convert 6fd33c (base 16) to base 14.
d8aa96
What is -e3628 (base 16) in base 10?
-931368
-1473227 (base 11) to base 12
-a17958
What is -12022002011100 (base 3) in base 14?
-534484
What is 43067 (base 10) in base 6?
531215
Convert 2222321113 (base 4) to base 14.
143155
What is -214041113 (base 5) in base 14?
-1a0d01
9a72 (base 16) to base 2
1001101001110010
What is -1110000010010101 (base 2) in base 10?
-57493
What is 1dec75 (base 16) in base 9?
3618074
Convert 413d80 (base 14) to base 15.
2d706e
What is 21310131 (base 4) in base 12?
1b339
Convert -32240441 (base 5) to base 7.
-2222165
3150114 (base 8) to base 7
10065161
3444124 (base 5) to base 2
1111001111001110
Convert 29a52 (base 15) to base 12.
65628
-19a799 (base 13) to base 6
-21544433
-611622 (base 9) to base 6
-11432202
Convert 56651377 (base 8) to base 9.
25081142
Convert -144786a (base 12) to base 11.
-2335607
456907 (base 13) to base 3
10002110100021
What is 655315 (base 7) in base 12?
56481
Convert 23d7dc (base 14) to base 3.
2022101200110
Convert 1601471 (base 8) to base 9.
770371
What is -25032 (base 9) in base 10?
-16796
What is -541981 (base 10) in base 11?
-340220
Convert -10110000111000001010 (base 2) to base 12.
-2ab322
Convert -3300110330 (base 4) to base 10.
-984380
What is 2242220 (base 9) in base 15?
18d2ac
Convert -1120113132 (base 4) to base 14.
-95c98
What is 44675 (base 12) in base 10?
90809
Convert 1243130 (base 6) to base 4.
100213332
What is -3535424 (base 6) in base 8?
-547250
-101111011011011010100010 (base 2) to base 5
-11140324213
-149ad6 (base 16) to base 4
-11021223112
What is -25709 (base 14) in base 5?
-10420213
Convert -c2ac2 (base 15) to base 13.
-187901
What is 2143701 (base 9) in base 13?
313b31
What is -12c01 (base 15) in base 12?
-2a924
What is -155024 (base 11) in base 7?
-2022304
-1141541532 (base 6) to base 4
-301132010000
Convert 403324343 (base 5) to base 11.
a07641
What is -1003121100 (base 4) in base 8?
-1033120
2367934 (base 10) to base 12
9623ba
What is 7828507 (base 10) in base 16?
77741b
Convert 4bbb9 (base 12) to base 9.
167186
-945bd (base 14) to base 4
-1113113223
1727635 (base 8) to base 5
112104314
20120110121 (base 3) to base 10
129373
3a2701 (base 15) to base 9
5225771
Convert 13411 (base 9) to base 10.
9082
-1101100011001011001101 (base 2) to base 13
-97495b
Convert 8209b (base 12) to base 3.
22121110102
-1700788 (base 9) to base 15
-13a1db
What is -101011002000 (base 3) in base 10?
-199800
Convert -54123362 (base 7) to base 8.
-21456104
Convert 1101111110010000110 (base 2) to base 7.
3614606
What is 1560012 (base 7) in base 16?
34c23
2001212100 (base 3) to base 15
c100
-998ad (base 15) to base 2
-1110111001000011011
-100000010110000111110111 (base 2) to base 15
-b27568
Convert -5365864 (base 9) to base 10.
-2878069
-7540020 (base 8) to base 9
-3711354
What is 604134 (base 7) in base 6?
2105320
What is 357598 (base 10) in base 13?
c69c7
Convert -a9302 (base 11) to base 4.
-212300202
What is 23491a7 (base 11) in base 14?
78914c
What is -247191 (base 11) in base 9?
-654230
Convert 13034790 (base 10) to base 15.
1227260
-74645 (base 15) to base 16
-5a28a
-20b1c3 (base 14) to base 2
-100001110000100010111
1136111 (base 7) to base 11
99024
Convert -2020110202121 (base 3) to base 8.
-4424614
Convert 1cd09c (base 14) to base 13.
2a2c08
-101010001010000110111000 (base 2) to base 10
-11051448
Convert -14323202 (base 6) to base 4.
-1320122102
What is -133032230223 (base 4) in base 7?
-126404556
What is 35929 (base 13) in base 9?
158657
Convert 40504 (base 14) to base 5.
14422043
What is -447277 (base 8) in base 15?
-2ec21
212fc9 (base 16) to base 6
114341025
Convert -86a383 (base 11) to base 2.
-101010011010111000010
What is 47b839 (base 13) in base 14?
3275c6
Convert -890b6 (base 15) to base 9.
-733410
Convert 102121112220 (base 3) to base 4.
313303203
What is -87198 (base 10) in base 3?
-11102121120
2558a (base 12) to base 8
143372
41053452 (base 6) to base 12
487288
Convert -3075 (base 13) to base 4.
-1220133
What is 13457285 (base 9) in ba